 g = 686 + -624. What is the remainder when g is divided by 0/((-16)/4) - (1 + -40)?
23
Suppose 153*j - 151*j = 226. What is the remainder when j is divided by (15/(-10))/((-27)/1116)?
51
Let r(j) = -j**3 - 18*j**2 + 18*j + 1. Calculate the remainder when 196/6 - (8 + (-125)/15) is divided by r(-19).
13
What is the remainder when -11 + 372 + -5 - 17 is divided by 117?
105
Let x = 108 + -61. Let f = x + -28. What is the remainder when 49 is divided by f?
11
Suppose -570 = 101*o - 111*o. Suppose 0 = -3*b, -1 = -w + 4*b + 19. Calculate the remainder when o is divided by w.
17
Let x = 12941 - 12933. What is the remainder when 1302 is divided by x?
6
Let p be ((-8)/(-6))/(2/12). Let m = -3879 - -3910. Calculate the remainder when 722/p - 2/8 is divided by m.
28
Suppose -154 = 388*y - 399*y. Let f be -35*((-492)/(-21) - 2). What is the remainder when f/(-14) - 3/(-7) is divided by y?
12
Let n be (-1)/(2/(-82) + 0). Let s = 43 - n. Suppose 7*b - w = 12*b - 227, 0 = s*w - 4. Calculate the remainder when b is divided by 24.
21
Let m(n) = -395*n - 3041. Calculate the remainder when 330 is divided by m(-8).
92
Suppose 3*t = 3*v - 0*v - 177, -4*t = 3*v - 170. Let r be (0 + -20)/(-4 - (-11 - -5)). Calculate the remainder when v is divided by -2 + 3/(-1) + (5 - r).
8
Let y = 46194 - 39252. What is the remainder when y is divided by 8?
6
Let q(i) = -165*i - 1968. Let m(z) = z**2 - 6*z - 6. What is the remainder when m(10) is divided by q(-12)?
10
Let w = 1132 - 1052. What is the remainder when 1117 is divided by w?
77
Suppose -2492 = -2*k - 5*k. Suppose -9*y + k = -220. Suppose -5*f = -4*c + c + y, 32 = 2*c + 2*f. What is the remainder when c is divided by 4?
2
Let v = -8825 - -8962. Calculate the remainder when v is divided by 132.
5
Let i(s) = s**2 - 6*s - 4. Let c be i(7). Suppose 13 = c*m + 7. What is the remainder when ((-20)/8)/((-1)/2) is divided by m?
1
Calculate the remainder when (-1910 - 9/(-3))/(33 - 34) is divided by 91.
87
Calculate the remainder when ((-85)/(-51))/(15/16011) is divided by 6.
3
Suppose -2*k + t - 17 = 3, -3*k - 30 = 2*t. Let i = 8 - k. Calculate the remainder when i is divided by 10.
8
Let m be (-10)/95 - 1840/(-152). Calculate the remainder when -3*(4544/m)/(-8) is divided by 9.
7
Suppose 2*v - 4*r = -50, v + 7*r - 2*r + 32 = 0. Let k = v - -29. Suppose 4*u - 70 = k*w, -12 = -4*u - 5*w + 23. Calculate the remainder when u is divided by 8.
7
Suppose 7*h - 88 - 308 - 80 = 0. What is the remainder when h is divided by 41?
27
Let b be 0/(2 - 0/(-1)). Suppose h + b*h = -3*n + 13, 3*h + 2*n = 39. What is the remainder when ((-145)/15 - -11)/((-2)/(-72)) is divided by h?
9
Let f(r) = r + 140. What is the remainder when f(0) is divided by 2/2*(-55 - -71)?
12
Suppose 84*r - 79*r - 225 = 0. Suppose 3*x + r = 51. Calculate the remainder when 182 is divided by (5 - 94/(-3)) + x/3.
34
Suppose p + 28 = 2*p. Suppose 4*c + 97*r + 104 = 95*r, 4*c + 3*r + 106 = 0. Calculate the remainder when p is divided by 10/(-25)*c - 4.
4
Suppose 2*c + 84 + 56 = 0. Let x = c + 70. Let n(v) = -v**2 - 2*v + 60. Calculate the remainder when n(x) is divided by 16.
12
Suppose -5*v = 3*x - 50, 4*x = -3*v + 60 + 14. What is the remainder when (x/30)/((-4)/(-204)) is divided by 11?
1
Let g(m) = -157*m - 35. Let b be g(-7). Let j = b - 462. What is the remainder when j is divided by 55?
52
Let f(s) be the second derivative of -s**4/12 + 5*s**3/2 + 57*s**2/2 - 69*s. Calculate the remainder when 57 is divided by f(17).
11
Let n(k) = -2*k**3 - 26*k**2 - 6*k - 4. Suppose 2*u - u - 2 = 0. Suppose -7*l - u*l - 117 = 0. Calculate the remainder when n(l) is divided by 15.
14
Let r = 4938 - 4379. Calculate the remainder when r is divided by 9.
1
Let b(l) = 3*l + 4. Let k = 9892 - 9871. Calculate the remainder when k is divided by b(2).
1
Let p = -89 - -91. Suppose p*q + 6 = 2. Calculate the remainder when 149 - ((-7)/14)/(q/(-4)) is divided by 51.
48
Let v(t) = -t**3 + 16*t**2 + 17*t + 4. Let a = 47 - 30. Let g be v(a). Calculate the remainder when 34 is divided by (-1)/(-4) + 35/g.
7
Calculate the remainder when ((-11 + 17)*75/(-10))/((-6)/4) is divided by 17.
13
Let w = 9476 + 10443. What is the remainder when w is divided by 83?
82
Suppose 24 = -j + 2*j. Suppose -7*f = -27 - 8. Suppose 3*r - 4*x - 199 = 0, 5*r - f*x - 37 - 298 = 0. What is the remainder when r is divided by j?
21
Suppose -4*m + 16*m = 84. Suppose -2*r + 26 = -5*f + m*f, 0 = 2*f - 5*r - 47. What is the remainder when 79 is divided by f?
15
Suppose 13*r - 15 = 10*r. Suppose -3*v + 1 + 56 = 4*j, 0 = -3*v + r*j + 30. Let i(n) = -n**2 + 11*n + 11. What is the remainder when i(9) is divided by v?
14
Calculate the remainder when 5/(-3)*(7 - 94) is divided by ((10/4)/((-1)/2))/((-482)/2410).
20
Let h be -5 + (-4 - (3 - 372)). Let q = -323 + h. Calculate the remainder when 168 is divided by q.
20
Let q(v) = -136*v**3 - v**2 + v + 3. Let a be q(-1). Let o = 349 - a. Calculate the remainder when o is divided by 71.
70
Let l(w) = -10*w + 159. Suppose 5*c + 5 = 2*u - 9, -5*c + 10 = 0. What is the remainder when 107 is divided by l(u)?
29
Suppose 321*m - 308*m - 18447 = 0. Calculate the remainder when m is divided by 32.
11
Let a be 4 + (73680/312 - 2/13). Suppose -4*j + 420 - a = 0. What is the remainder when 143 is divided by j?
8
Let o(k) = k**2 + 14*k + 31. Let h be o(-12). Suppose -5*p - 111 = -3*t - 0*p, -3*p = -3*t + 111. Calculate the remainder when t is divided by h/2 + 2/4 - -7.
4
Let y be 3 - 1*(-6 - -5). Suppose 0 = -3*q + y + 41. Let m(n) = -n + 44. Calculate the remainder when m(q) is divided by 4.
1
Let s(a) = -a**3 + 58*a**2 - 80*a - 288. Calculate the remainder when s(45) is divided by 11.
8
Let v(y) = -18*y - 5. Suppose 15*c = 1021 + 464. Calculate the remainder when c is divided by v(-2).
6
Let k(a) = -409*a**2 + 816*a**2 + 55 + 6*a - 406*a**2. What is the remainder when k(-6) is divided by (2/4)/((-1)/(-40))?
15
Let j(p) be the third derivative of p**6/120 - 29*p**5/60 - 25*p**4/24 - 3*p**3 - 17*p**2. Calculate the remainder when j(30) is divided by 5.
2
Suppose 2*m + 73 = z, 5*m = -6*z + 7*z - 64. Suppose 29*t - 327 = z. What is the remainder when 132 is divided by t?
6
What is the remainder when 4720/9 + 3 + (-124)/36 is divided by 260?
4
Let b = 4201 - 3659. What is the remainder when b is divided by 3?
2
Let v(g) = g**3 + 30*g**2 - 46*g - 375. Calculate the remainder when v(-30) is divided by 78.
69
Let o be 1/(-5) - (-1 + (-297)/(-15)). Let r = -7 - o. Let q = -4 + r. Calculate the remainder when q is divided by 4.
0
Let d(o) = -o**2 - 3*o + 29. Let s be d(-9). Calculate the remainder when (116/(-5))/(10/s) is divided by 36.
22
Let w = 2723 + -2587. What is the remainder when w is divided by 114?
22
Let j(m) = -m**3 + 52*m**2 - 315*m - 213. What is the remainder when j(44) is divided by 142?
137
Let l(j) be the second derivative of j**4/6 + 2*j**3/3 - 4*j**2 + 15*j. Let i be l(-4). Calculate the remainder when 133 is divided by 2/1*(-2)/i*-30.
13
Let a(k) = 2*k**2 - 5*k - 18. Let m = 6 + 53. Suppose 54*h - 30 = m*h. Calculate the remainder when a(h) is divided by 11.
7
Suppose -3*g + 1579 = -n, -856*n - 1115 = -2*g - 861*n. Let d = -17 - -30. What is the remainder when g is divided by d?
10
Suppose 28*z - 52*z + 6216 = 0. Let d(k) = -k**3 - 4*k**2 + 2*k + 5. Calculate the remainder when z is divided by d(-6).
64
Suppose 9 = 7*k + 2. What is the remainder when 734 is divided by (28 - (k - 4)) + -2 + 3?
30
Suppose -4*o = -5*b + 142, 637*o + 38 = b + 635*o. Suppose -1 = -2*m + 3*m - 5*w, 5*m + 85 = 5*w. Let l = m + 64. What is the remainder when l is divided by b?
21
Let h be (-3)/5 + 198/55. Suppose 2*w + 413 = h*b, -4*b - 5*w = -9*b + 680. What is the remainder when b/9 + (10/15)/(-1) is divided by 6?
3
Suppose -161*o = -35362 + 3806. What is the remainder when 1369 is divided by o?
193
Suppose -86*r + 67 = -19. What is the remainder when (-38)/(-16) + (-3)/8 is divided by r?
0
Let i(d) = 6*d**3 + 237*d**2 + 136*d + 748. Let g(y) = -y + 100. Calculate the remainder when g(0) is divided by i(-39).
2
Suppose 2*k + 12 = 2*w, -2*w + w = 3*k - 26. Calculate the remainder when ((-3 - 9) + -3)/((-9)/21) is divided by (3 + w/(-3))*-18.
11
Let b(v) = 2*v**3 - 4*v**2 - 22*v + 30. Let x be b(6). Suppo